*h**2 - 21*h - 1218. Give k(47).
4
Let i(h) = -957*h + 3833. Calculate i(4).
5
Let h(z) = 20*z**2 - 189*z - 99. What is h(10)?
11
Let c(a) = a**2 - 43*a - 2291. Calculate c(73).
-101
Let x(b) = b**3 + 69*b**2 - 73*b - 202. Determine x(-70).
8
Let r(h) = -3*h**2 - 39*h - 3. Determine r(-18).
-273
Let a(j) = -26*j**2 + 832*j + 17. Calculate a(32).
17
Let w(b) = 36*b - 224. Calculate w(6).
-8
Let g(b) = 20*b**3 + 9*b**2 - 11*b + 17. What is g(4)?
1397
Let x(j) = 20*j**2 - 58*j - 3. Determine x(3).
3
Let v(b) = -b**3 - 12*b**2 - 9*b - 51. Determine v(-12).
57
Let a(u) = -u**2 + 75*u - 1392. What is a(43)?
-16
Let f(u) = 20*u - 729. Calculate f(37).
11
Let f(d) = 359*d - 298. Give f(1).
61
Let t(q) = 125*q + 415. Give t(-3).
40
Let k(y) = 10*y + 69. Give k(-12).
-51
Let h(w) = -w**2 + 98*w + 1698. Give h(113).
3
Let g(y) = -y**2 + 4*y - 11. Give g(3).
-8
Let y(h) = -126*h + 20005. What is y(159)?
-29
Let p(z) = -19*z**3 - 112*z**2 + 2*z - 49. Give p(-6).
11
Let m(i) = -71*i**2 + 324*i - 331. Give m(3).
2
Let k(j) = -939*j**2 + 5630*j + 3. What is k(6)?
-21
Let t(o) = -o**3 - 17*o**2 + 40*o + 26. What is t(-19)?
-12
Let g(j) = j**3 - 19*j**2 - 14*j - 106. Calculate g(20).
14
Let k(u) = 60*u**2 - 313*u + 56. Calculate k(5).
-9
Let u(b) = -20*b**3 + 2*b**2 + 840*b - 841. What is u(1)?
-19
Let z(u) = u**3 + 49*u**2 + 142*u + 101. What is z(-46)?
-83
Let n(m) = -m**3 + 11*m**2 + 6*m + 72. Determine n(12).
0
Let o(z) = -10*z**2 - 152*z - 8. What is o(-15)?
22
Let w(x) = -176*x - 323. Give w(-2).
29
Let g(x) = x**3 + 29*x**2 + 32*x + 1848. Calculate g(-30).
-12
Let s(z) = -z**3 + 73*z**2 + 8. Determine s(73).
8
Let g(p) = -p**3 + 2*p**2 + 17*p + 2. Give g(-6).
188
Let l(g) = g**2 + 29*g + 94. Give l(-23).
-44
Let g(n) = -40*n + 736. What is g(16)?
96
Let g(q) = 117*q - 1638. Give g(14).
0
Let q(l) = 3*l**3 + 20*l**2 + 2*l + 3. Calculate q(-7).
-60
Let a(y) = 187*y - 5418. Give a(29).
5
Let d(m) = -2*m**2 + 92*m - 707. What is d(40)?
-227
Let z(t) = -1370*t - 6825. What is z(-5)?
25
Let s(k) = -k**3 + 44*k**2 + 41*k + 49. Calculate s(45).
-131
Let h(l) = -3379*l - 13520. What is h(-4)?
-4
Let o(u) = -u**2 - 127*u - 2559. Give o(-25).
-9
Let d(g) = 7*g**2 - 43*g - 43. Determine d(10).
227
Let d(s) = 7*s - 19. Calculate d(13).
72
Let l(a) = -a**3 - 57*a**2 - 270*a - 579. Calculate l(-52).
-59
Let d(t) = -16*t**3 + 4*t**2 - 6*t. Give d(2).
-124
Let i(x) = -x**3 + 15*x**2 - 48*x - 12. Determine i(11).
-56
Let u(h) = -14*h - 261. Determine u(-23).
61
Let x(h) = -h**3 + 6*h**2 - 4*h + 1. What is x(3)?
16
Let m(z) = 13*z**2 - 32*z + 7. What is m(2)?
-5
Let n(j) = 60*j**2 - 5581*j + 90. What is n(93)?
-3
Let v(f) = 19*f + 349. Determine v(-18).
7
Let i(u) = 325*u + 3888. Give i(-12).
-12
Let n(b) = -5*b**2 - 32*b + 50. Give n(2).
-34
Let f(d) = -31*d + 5239. Give f(169).
0
Let k(z) = 5*z**2 - 142*z + 303. What is k(26)?
-9
Let w(g) = -104*g - 395. What is w(-4)?
21
Let d(k) = 12*k**2 - 74*k + 10. What is d(6)?
-2
Let z(a) = -a**2 + 301*a + 32782. Give z(-85).
-28
Let g(q) = q**2 + 6*q - 44. Determine g(-7).
-37
Let d(c) = 13*c**2 + 17*c - 2. Give d(4).
274
Let n(q) = q**3 + 350*q**2 - 1423*q - 2466. Give n(-354).
12
Let h(p) = -3008*p + 3009. Determine h(1).
1
Let g(h) = 294*h**2 + 909*h + 90. Calculate g(-3).
9
Let r(t) = -10274*t - 30813. What is r(-3)?
9
Let r(d) = d**2 - 1866*d - 5. Calculate r(0).
-5
Let f(l) = 9*l**3 - 299*l**2 + 66*l + 11. What is f(33)?
11
Let n(y) = y**3 - 2*y**2 + 36*y + 25. Determine n(0).
25
Let m(c) = 104*c + 105. Give m(-1).
1
Let r(u) = -u**3 + 17*u**2 + 31*u + 5. Determine r(-2).
19
Let b(p) = p**2 - 37*p + 82. Determine b(36).
46
Let w(o) = -2*o**2 - 15*o - 31. Give w(-5).
-6
Let a(x) = -x**3 + 94*x**2 - 277*x + 433. Determine a(91).
69
Let n(q) = -809*q + 7. Determine n(0).
7
Let o(c) = 132*c**2 + 5014*c - 57. What is o(-38)?
19
Let x(r) = 357*r - 24. Determine x(1).
333
Let r(t) = -2*t + 7. Calculate r(8).
-9
Let v(y) = -174*y - 1228. Calculate v(-7).
-10
Let o(g) = -23*g - 262. Calculate o(-17).
129
Let i(y) = -y**2 - 87*y - 1312. Calculate i(-67).
28
Let l(f) = -f**3 - 32*f**2 + 90. Calculate l(-32).
90
Let z(k) = -k**2 + 6*k + 29. What is z(14)?
-83
Let g(o) = 52*o + 2734. Give g(-53).
-22
Let m(p) = -7*p**2 - 272*p + 311. What is m(-40)?
-9
Let p(o) = 9*o**2 + 282*o + 2217. Calculate p(-16).
9
Let v(u) = -3*u**2 + 209*u - 1305. Determine v(63).
-45
Let d(x) = -43*x - 356. What is d(-9)?
31
Let o(s) = -s**2 - 95*s - 1787. Determine o(-26).
7
Let y(q) = -q**3 + 132*q**2 + 144*q - 1428. Calculate y(133).
35
Let f(b) = 4*b + 126. Give f(7).
154
Let x(s) = -s**2 + 102*s + 2583. What is x(123)?
0
Let g(n) = -n**3 + 10*n**2 - 7*n + 9. Determine g(8).
81
Let s(z) = -2*z**2 + 36*z + 1403. Calculate s(-19).
-3
Let r(q) = -53*q + 1057. Calculate r(20).
-3
Let a(u) = -u**3 + 4*u**2 + 311*u - 1886. Determine a(16).
18
Let u(r) = -r**3 - 8*r**2 + 11*r + 15. Give u(-9).
-3
Let i(k) = -k**2 - 100*k - 2428. What is i(-59)?
-9
Let o(r) = -4*r**3 + 310*r**2 - 163*r + 682. Determine o(77).
-11
Let f(w) = w**3 + 23*w**2 - 79*w - 36. Give f(-26).
-10
Let s(q) = -7037*q + 84447. Calculate s(12).
3
Let f(r) = -4*r**2 + 71*r - 574. Give f(11).
-277
Let o(p) = 5*p - 134. What is o(37)?
51
Let u(s) = -5*s**2 + 145*s + 851. What is u(-5)?
1
Let s(d) = -d**3 + 12*d**2 + 55*d - 322. Give s(14).
56
Let z(h) = 1569*h + 7989. Calculate z(-5).
144
Let a(c) = 11*c**2 + 134*c + 74. Calculate a(-10).
-166
Let w(v) = 21*v**2 + 1405*v - 73. What is w(-67)?
61
Let q(p) = -p**3 + 4*p**2 - 273*p + 1075. What is q(4)?
-17
Let m(r) = 2*r**2 - 55*r + 198. What is m(23)?
-9
Let f(i) = -3*i**2 - 16*i + 81. What is f(13)?
-634
Let v(h) = -23*h**2 + 153*h + 294. Determine v(-2).
-104
Let x(g) = 2*g**2 - 53*g + 51. Calculate x(28).
135
Let u(g) = -g**3 + 12*g**2 + 113*g + 2. Give u(-9).
686
Let c(k) = -5*k**2 + 69*k - 93. Determine c(11).
61
Let x(i) = 39*i**3 + 108*i**2 - 19*i - 25. Give x(-3).
-49
Let u(k) = 68*k + 238. Give u(-11).
-510
Let r(v) = 50*v + 388. Determine r(-8).
-12
Let y(h) = 2619*h + 157150. Calculate y(-60).
10
Let y(k) = -90*k**2 + 456*k - 34. Calculate y(5).
-4
Let p(k) = 7*k + 120. Calculate p(-16).
8
Let b(l) = l**2 + 38*l - 163. Determine b(-40).
-83
Let r(j) = -j**2 - 28*j - 171. Determine r(-19).
0
Let n(s) = -2*s + 101. Determine n(53).
-5
Let y(g) = g**2 - 266*g - 8853. Determine y(-30).
27
Let q(m) = 50*m + 15. Determine q(-4).
-185
Let h(v) = 2065*v - 26852. Determine h(13).
-7
Let m(g) = g**3 - 97*g**2 + 1483*g - 77. Calculate m(78).
1
Let q(i) = -13*i - 405. What is q(-35)?
50
Let h(w) = -w**2 - 141*w + 3581. Give h(22).
-5
Let p(a) = -2*a**3 - 3*a**2 + 80*a + 50. Give p(6).
-10
Let p(u) = 2*u**3 + 2*u**2 - 13*u - 14. Calculate p(-4).
-58
Let p(h) = 54*h + 61. Give p(-21).
-1073
Let o(n) = -4*n**3 + 47*n**2 + 149*n - 1639. What is o(12)?
5
Let t(c) = -269*c - 1564. Give t(-6).
50
Let a(j) = j**3 - 81*j**2 + 16*j - 1292. Calculate a(81).
4
Let u(w) = -16*w**2 - 40*w - 19. Determine u(-5).
-219
Let s(l) = -2*l**2 + 26*l + 262. Give s(21).
-74
Let b(g) = 2332*g - 27992. Calculate b(12).
-8
Let g(j) = 6015*j + 18057. Give g(-3).
12
Let k(o) = -47*o - 6432. Give k(-137).
7
Let j(y) = 2*y**2 - 301*y + 8694. What is j(39)?
-3
Let p(n) = -n**3 + 105*n**2 - 210*n + 506. What is p(103)?
94
Let y(p) = 21*p + 142. What is y(-4)?
58
Let p(u) = 83*u - 9132. Calculate p(110).
-2
Let c(q) = -3*q + 237. What is c(-30)?
327
Let u(c) = -c**2 + 178*c - 1548. What is u(9)?
-27
Let u(l) = l**2 + 53*l - 285. Determine u(5).
5
Let j(h) = h**3 - 28*h**2 + 27*h - 2. What is j(27)?
-2
Let m(u) = 1620*u + 22677. Give m(-14).
-3
Let d(j) = -3*j**3 + 4*j**2 + 19*j - 116. Give d(4).
-168
Let z(f) = 1137*f + 3434. Determine z(-3).
23
Let d(b) = -b**2 - 48*b + 435. Give d(-56).
-13
Let l(x) = x**3 + 176*x + 523. Give l(-3).
-32
Let a(o) = 20*o - 311. Determine a(21).
109
Let f(c) = 25*c + 915. Determine f(-37).
-10
Let o(v) = v**3 + 16*v**2 - 13*v - 358. What is o(-15)?
62
Let w(n) = -75*n + 1670. What is w(23)?
-55
Let o(m) = -7*m**3 + 3*m**2 - 19*m + 14. What is o(1)?
-9
Let g(y) = y**3 - 18*y**2 - 40*y. Give g(20).
0
Let r(v) = v**3 + 18*v**2 + 72*v + 16. Determine r(-7).
51
Let r(p) = p**2 + 84*p - 686. Give r(-88).
-334
Let j(b) = 259*b - 1836. What is j(7)?
-23
L